 41974?
4
What is the ten thousands digit of 117550?
1
What is the thousands digit of 6555?
6
What is the ten thousands digit of 15917?
1
What is the tens digit of 3177?
7
What is the tens digit of 3374?
7
What is the tens digit of 50812?
1
What is the thousands digit of 5002?
5
What is the units digit of 13044?
4
What is the thousands digit of 2664?
2
What is the thousands digit of 8985?
8
What is the ten thousands digit of 42426?
4
What is the units digit of 1235?
5
What is the units digit of 871?
1
What is the tens digit of 35185?
8
What is the units digit of 259?
9
What is the hundreds digit of 540?
5
What is the units digit of 503?
3
What is the units digit of 16662?
2
What is the thousands digit of 3814?
3
What is the tens digit of 854?
5
What is the units digit of 31793?
3
What is the hundreds digit of 168?
1
What is the units digit of 17147?
7
What is the thousands digit of 3157?
3
What is the thousands digit of 6876?
6
What is the ten thousands digit of 76666?
7
What is the thousands digit of 2062?
2
What is the thousands digit of 1764?
1
What is the hundreds digit of 2815?
8
What is the hundreds digit of 3059?
0
What is the units digit of 455?
5
What is the units digit of 799?
9
What is the tens digit of 2206?
0
What is the hundreds digit of 2138?
1
What is the units digit of 421?
1
What is the units digit of 256?
6
What is the hundreds digit of 30960?
9
What is the units digit of 2263?
3
What is the tens digit of 925?
2
What is the tens digit of 10?
1
What is the units digit of 43587?
7
What is the units digit of 430?
0
What is the thousands digit of 2258?
2
What is the hundred thousands digit of 123523?
1
What is the units digit of 28364?
4
What is the units digit of 470?
0
What is the tens digit of 83249?
4
What is the thousands digit of 58115?
8
What is the units digit of 1142?
2
What is the tens digit of 737?
3
What is the hundreds digit of 21767?
7
What is the ten thousands digit of 21885?
2
What is the units digit of 1042?
2
What is the units digit of 94530?
0
What is the thousands digit of 3464?
3
What is the units digit of 869?
9
What is the units digit of 1523?
3
What is the units digit of 3624?
4
What is the units digit of 499?
9
What is the hundreds digit of 966?
9
What is the thousands digit of 1205?
1
What is the tens digit of 1140?
4
What is the units digit of 1733?
3
What is the tens digit of 1635?
3
What is the units digit of 40092?
2
What is the tens digit of 98585?
8
What is the thousands digit of 3168?
3
What is the thousands digit of 61903?
1
What is the units digit of 7023?
3
What is the hundreds digit of 2374?
3
What is the hundreds digit of 209?
2
What is the tens digit of 9808?
0
What is the units digit of 2115?
5
What is the ten thousands digit of 86016?
8
What is the units digit of 15794?
4
What is the units digit of 2863?
3
What is the units digit of 684?
4
What is the tens digit of 95842?
4
What is the ten thousands digit of 17991?
1
What is the thousands digit of 4431?
4
What is the hundreds digit of 8382?
3
What is the tens digit of 63238?
3
What is the tens digit of 13743?
4
What is the ten thousands digit of 39996?
3
What is the tens digit of 5410?
1
What is the hundreds digit of 623?
6
What is the thousands digit of 1671?
1
What is the ten thousands digit of 64217?
6
What is the thousands digit of 27987?
7
What is the hundreds digit of 639?
6
What is the tens digit of 17?
1
What is the hundreds digit of 7253?
2
What is the ten thousands digit of 10209?
1
What is the hundreds digit of 9442?
4
What is the hundreds digit of 10248?
2
What is the units digit of 813?
3
What is the thousands digit of 9780?
9
What is the tens digit of 534?
3
What is the units digit of 14764?
4
What is the units digit of 13824?
4
What is the tens digit of 1041?
4
What is the thousands digit of 5531?
5
What is the units digit of 17569?
9
What is the tens digit of 49675?
7
What is the tens digit of 1265?
6
What is the units digit of 2090?
0
What is the units digit of 552?
2
What is the units digit of 8040?
0
What is the units digit of 3320?
0
What is the hundreds digit of 24597?
5
What is the hundreds digit of 1324?
3
What is the hundreds digit of 66357?
3
What is the thousands digit of 1981?
1
What is the tens digit of 3138?
3
What is the hundreds digit of 12208?
2
What is the tens digit of 18022?
2
What is the tens digit of 21148?
4
What is the hundreds digit of 120744?
7
What is the tens digit of 32011?
1
What is the ten thousands digit of 36051?
3
What is the tens digit of 1301?
0
What is the ten thousands digit of 18864?
1
What is the thousands digit of 8946?
8
What is the units digit of 15353?
3
What is the thousands digit of 9867?
9
What is the tens digit of 94?
9
What is the tens digit of 991?
9
What is the units digit of 7885?
5
What is the tens digit of 260?
6
What is the units digit of 2664?
4
What is the units digit of 123023?
3
What is the units digit of 2440?
0
What is the tens digit of 141?
4
What is the hundreds digit of 2110?
1
What is the tens digit of 85?
8
What is the thousands digit of 2446?
2
What is the thousands digit of 4224?
4
What is the hundreds digit of 47799?
7
What is the tens digit of 3387?
8
What is the tens digit of 2883?
8
What is the tens digit of 250?
5
What is the units digit of 5030?
0
What is the thousands digit of 1403?
1
What is the hundreds digit of 2150?
1
What is the hundreds digit of 30135?
1
What is the units digit of 15685?
5
What is the thousands digit of 4472?
4
What is the units digit of 4173?
3
What is the tens digit of 164?
6
What is the hundreds digit of 2482?
4
What is the hundreds digit of 3156?
1
What is the units digit of 5125?
5
What is the hundreds digit of 4924?
9
What is the hundreds digit of 1718?
7
What is the hundreds digit of 13544?
5
What is the ten thousands digit of 70615?
7
What is the thousands digit of 5033?
5
What is the tens digit of 16078?
7
What is the tens digit of 3004?
0
What is the thousands digit of 23567?
3
What is the units digit of 3616?
6
What is the thousands digit of 1295?
1
What is the tens digit of 2004?
0
What is the ten thousands digit of 26652?
2
What is the hundred thousands digit of 114515?
1
What is the hundreds digit of 888?
8
What is the ten thousands digit of 56310?
5
What is the tens digit of 6770?
7
What is the hundreds digit of 4562?
5
What is the units digit of 95590?
0
What is the hundreds digit of 4081?
0
What is the tens digit of 4480?
8
What is the units digit of 89374?
4
What is the tens digit of 3474?
7
What is the ten thousands digit of 102012?
0
What is the units digit of 6774?
4
What is the hundreds digit of 192?
1
What is the ten thousands digit of 22476?
2
What is the tens digit of 11122?
2
What is the thousands digit of 2916?
2
What is the thousands digit of 4895?
4
What is the hundreds digit of 3820?
8
What is the tens digit of 8105?
0
What is the tens digit of 4856?
5
What is the units digit of 62711?
1
What is the hundreds digit of 27429?
4
What is the thousands digit of 5051?
5
What is the units digit of 1316?
6
What is the ten thousands digit of 73827?
7
What is the units digit of 1905?
5
What is the hundreds digit of 2849?
8
What is the tens digit of 25628?
2
What is the tens digit of 1658?
5
What is the ten thousands digit of 17095?
1
What is the tens digit of 2734?
3
What is the hundreds digit of 2883?
8
What is the hundreds digit of 3221?
2
What is the thousands digit of 43290?
3
What is the hundreds digit of 202?
2
What is the thousands digit of 6895?
6
What is the thousands digit of 2192?
2
What is the hundreds digit of 29438?
4
What is the thousands digit of 56837?
6
What is the hundreds digit of 11955?
9
What is the tens digit of 988?
8
What is the tens digit of 4812?
1
What is the tens digit of 9981?
8
What is the tens digit of 139556?
5
What is the hundreds digit of 1003?
0
What is the hundreds digit of 140?
1
What is the thousands digit of 2385?
2
What is the hundreds digit of 270?
2
What is the hundreds digit of 98887?
8
What is the units digit of 2705?
5
What is the tens digit of 4087?
8
What is the hundreds digit of 127?
1
What is the hundreds digit of 290?
2
What is the thousands digit of 13332?
3
What is the units digit of 1768?
8
What is the hundreds digit of 90588?
5
What is the hundreds 